+ 4*s**2 - s. Let z be x(4). Suppose -224 = -3*c + z. Is c prime?
True
Suppose -3*r - m + 24 = 0, -3 = -2*r + 4*m - 1. Suppose 5*i - 3307 = -982. Suppose i = -4*s + r*s. Is s prime?
False
Suppose -59910 = -7*k + 89379. Suppose -15*b + k = -6228. Is b a prime number?
False
Suppose 21 - 9 = -4*m - 4*x, -2*m = -2*x + 26. Let s = m - -15. Is 1045/s - 2/7 prime?
True
Let y be (-1*(4 - 9) - 1)/1. Is 4*(219/y + 6/(-4)) a composite number?
True
Let s = 17 + -3. Suppose 5*q - s = 3*q. Suppose 186 = -5*i + q*i. Is i prime?
False
Suppose 4*s + 1269 = -4*r + 15249, 4*r + 10457 = 3*s. Is s a prime number?
True
Suppose -3*v = -4*v. Suppose -3*y + 6 = -v*y. Is (-38 - 0)*(-1)/y prime?
True
Let r(a) = 999*a - 49. Is r(32) a composite number?
True
Let f(t) = -25*t + 6. Let y be f(5). Let z = -227 - y. Let o = -55 - z. Is o prime?
True
Let o be 2/3 + (-64)/(-48). Suppose 0 = -d - o*d. Suppose d = 5*j - n - 1508, 2*n = 5*j + 3*n - 1502. Is j a prime number?
False
Suppose -2*d - 2*k = -12, 0 = -d + 3*k + 14. Suppose -3*u = -d*u - 990. Let c = -109 - u. Is c prime?
True
Suppose 0 = 3*r + q - 7929, -r + 5*q + 2659 = -0*r. Let k = r + -1739. Let h = -618 + k. Is h a composite number?
True
Let z(j) be the first derivative of 301*j**2 - 16*j + 6. Let m be z(7). Is m/22 - 8/(-44) prime?
True
Suppose -5*n = -4*h + 9, -2*h = 4*n + 2 - 0. Is (-1 - (-2 + n)) + 1751 a composite number?
False
Let i(d) = d**3 + 19*d**2 - 8. Let k be i(-19). Let q(c) = -59*c - 15. Is q(k) a composite number?
False
Let j(z) be the second derivative of -4*z**3/3 - 5*z**2/2 - 9*z. Suppose 0 = c - 0*c + 5. Is j(c) composite?
True
Let b(z) = -24*z**2 - z. Let o(v) = -24*v**2 - v. Let t(m) = -4*b(m) + 3*o(m). Suppose -3 = 2*k - 1. Is t(k) composite?
False
Let k(a) = -33596*a - 71. Is k(-2) composite?
False
Suppose -7 = -k - 1. Let p(l) = 132*l + 3. Let t be p(4). Suppose 3*s = k*s - t. Is s a composite number?
True
Let x(n) = 33*n**2 + 7*n + 11. Is x(-7) a composite number?
False
Let a(s) = 10*s + 19. Let n be (-2)/8 - (-1417)/52. Suppose -3*k = -2*x - n, 2*x - 36 = -4*k - 2*x. Is a(k) a prime number?
True
Let g(f) = -f**3 + 6*f**2 - 6*f + 7. Let c be g(5). Is 11/((c - -3)/1195) a composite number?
True
Suppose 41*j + 94388 = 816439. Is j a prime number?
False
Let l be (91/(-26))/((-2)/12). Let p = l - 16. Suppose 7*i = 4*i + p*h + 359, 0 = -3*h - 12. Is i prime?
True
Suppose -3*o - t = -13738, 2*o + 2*t = 4*o - 9148. Is (1/(3/o))/2 a prime number?
False
Let b = 13952 - 4419. Is b prime?
True
Suppose -5*f - 8119 = x - 2*x, -x + f = -8119. Is x prime?
False
Let d(r) = -r + 4. Let b be d(3). Suppose -5*v + 31 = b. Is (-895)/(-15)*v/2 prime?
True
Suppose -4*n + 77 - 9 = 0. Let p(w) = -w - 1 - 7*w - n. Is p(-8) prime?
False
Suppose 0 = 135*b - 129*b - 49974. Is b a composite number?
False
Let q be 0 - 3*6/(-9). Suppose 0 = -3*s - 3*g + 1977, 3172 - 544 = 4*s + q*g. Is s a prime number?
False
Suppose -84*j + 29*j = -337865. Is j prime?
True
Let n(h) = 1857*h. Let b(v) = 1858*v - 1. Let d(p) = 5*b(p) - 6*n(p). Is d(-1) prime?
True
Let y(h) = -h**3 - h**2 + h + 11. Suppose 4*w = -w + 40. Let o = 2 - w. Is y(o) a composite number?
True
Suppose -x + 7 - 21 = 0. Is -2 + (-8234)/x + (-6)/42 prime?
False
Let k(i) = 3*i**2 - 25*i**3 - 3*i**2 + 3 + 2*i + i**2. Is k(-2) composite?
True
Let b(z) = 52*z**2 - 5*z - 45. Is b(-4) a prime number?
False
Suppose 4*f - 14 = 4*p + 22, -p = -2*f + 14. Suppose 8*h - 3*h = -3*i + 13478, f*i = 5*h + 22410. Suppose 0 = -7*s + 9*s - i. Is s prime?
True
Let n = 8 - 4. Suppose n*o - 3*l + 6*l = 13403, -5*o + l + 16768 = 0. Is o composite?
True
Let z = -2762 + 1645. Let b = 4537 - 2743. Let s = b + z. Is s prime?
True
Let f = 8749 - -39360. Is f composite?
False
Let p = -3 - -3. Suppose -3*b + 4 + 8 = p. Suppose 0*h = -b*h + 76. Is h a prime number?
True
Let l be 1/(2 + 73/(-37)). Suppose 0 = -5*w + 137 - l. Suppose -a + w + 163 = 0. Is a a prime number?
False
Suppose 0 = -2*i + 2*r + 5730, 2*i = 4*r - 6*r + 5710. Suppose 3*n = i - 343. Is n a prime number?
True
Let n = 25896 - 12062. Is n prime?
False
Let r(l) = 0*l + 4*l + l**2 + 2*l**2 - 8 - 2*l**2. Let h be r(-6). Is -1*(-277 + h + -1) a prime number?
False
Let y(g) be the first derivative of 5*g + 5 + 23/2*g**2. Is y(3) a composite number?
True
Suppose 3*k - 190549 = -29*v + 24*v, 4*v = 2*k + 152448. Is v a composite number?
True
Let b = 36 - 30. Is (-1)/((b/12)/((-953)/2)) a prime number?
True
Suppose 0 = 4*p + 3*u - 8800, -2*u - 3163 = 5*p - 14170. Is p prime?
True
Let z(l) = 123*l**2 + 16*l - 257. Is z(28) a composite number?
True
Let d(h) = 2*h**2 - 13*h + 17. Let f(n) = -n - 3. Let v(z) = -1. Let g(u) = -f(u) + 3*v(u). Let i(t) = d(t) + 5*g(t). Is i(18) prime?
True
Let f(q) be the second derivative of -719*q**3/6 - 3*q**2 + 12*q. Let n be f(5). Let z = -738 - n. Is z prime?
False
Suppose -2*l = -2*q - 0*l + 618, 5*q - 1581 = -4*l. Suppose -2*o = 2*n - 212, 7*o - 3*o = -3*n + q. Is n a composite number?
True
Suppose -2*z + 1322 = -2*u, -4*u + 669 = z - 3*u. Let b be -3*(457/(-3) - 1). Let w = z - b. Is w a composite number?
True
Let b be -7 + 6 + (-4)/(-1). Suppose 4*i - 1662 = i + b*g, -5*i - 5*g + 2800 = 0. Is i composite?
False
Is (7101 - -41)/((-2)/(-5)) a prime number?
False
Let y(t) = 25*t + 16. Let f(g) = -g**3 + 7*g**2 - 4*g + 2. Let q be f(6). Suppose v + q = 3*v. Is y(v) a prime number?
True
Let y = -1437 - -2415. Let t be y/7 + (-30)/(-105). Let w = t - 53. Is w prime?
False
Suppose 5*b = 75 + 65. Suppose v + b - 135 = 0. Let n = v + 56. Is n prime?
True
Let v = 7204 - 3795. Is v composite?
True
Suppose 2*n - 2*k - 3*k - 8263 = 0, 0 = 3*n - 2*k - 12378. Suppose i + n = 4*u, -u + 5*i + 20 = -1011. Is u a prime number?
True
Let z(r) = 25*r + 8. Let d = -11 - -7. Let v be z(d). Let s = v + 130. Is s prime?
False
Suppose 2*z - 26 = 2*u, -z + 0*z - 3*u + 21 = 0. Is (-5)/(z/(-3126))*(-4)/(-8) prime?
True
Is 20153 - -4*(7 + -6) a composite number?
True
Suppose 3*o = 2*r + 19 + 2, -21 = -3*o - 2*r. Let c = -5 + o. Let j = 37 + c. Is j prime?
False
Suppose 0 = -2*x - 3*r + 2963, 2844 - 8758 = -4*x - 2*r. Is x composite?
True
Let g(q) = 2524*q - 343. Is g(2) a prime number?
False
Let i = 9 + -7. Suppose -25 = 2*b + 5*c, -i*b + 15 = -7*b - 3*c. Suppose -2*j + 107 - 21 = b. Is j a prime number?
True
Suppose -11 = -3*z - 2. Suppose z*h = 652 + 818. Suppose 3*n - h + 3315 = 5*k, -4*k + 2260 = -2*n. Is k a composite number?
True
Let t = 34 - 31. Let d be (0 - 3)/(-3) + t. Suppose -2*p - 3*p + 5*w = -120, -d*w - 73 = -3*p. Is p a prime number?
True
Let v = 2 + -13. Let g be (-2)/v + 99432/(-198). Is g/(-6) - (-28)/(-42) composite?
False
Suppose 5*p + 3*r + 1061 = 0, -5*r - 8 = -r. Let k = p + 390. Is k composite?
False
Let b(o) = 61*o - 6. Let t be b(2). Let n = 11 + t. Is n prime?
True
Let y(n) = -2*n**3 + 5*n**2 - 3*n + 13. Let q(g) = 6*g**3 - 15*g**2 + 10*g - 40. Let t(l) = 3*q(l) + 8*y(l). Is t(7) a prime number?
True
Suppose -362*d = -370*d + 16472. Is d a prime number?
False
Let p(n) = 29 + 3*n - 3*n - 4*n - 6*n. Is p(-12) a prime number?
True
Let m = 267 - -11. Is m composite?
True
Let g(h) = h - 2. Let p be g(6). Let q be 85/68*(5 - 1). Suppose o + p + 6 = 3*a, -q = 5*o. Is a a prime number?
True
Let s be -1341 + 2/6*0. Let o = 3272 + s. Is o a prime number?
True
Suppose k + 2*k = p + 7, -p + 2*k = 3. Let x be 2007*(p/(-3) + 2). Suppose o - 223 = 5*c, 3*o - x = c + 4*c. Is o prime?
True
Suppose 0 = -2*t - 60 - 94. Suppose -4*w + 5*u + 448 = 0, -4*u = -w - 0*u + 112. Let n = t + w. Is n a composite number?
True
Is (-78)/26 - ((-3 - 59829) + 2) a composite number?
True
Let x = -81 - -86. Suppose -c = 2*u - 6942 + 1205, -c + 5737 = -x*u. Is c a prime number?
True
Let v be (-9718)/(-9) + (-10)/(-45). Suppose 3*s - v - 321 = 0. Is s prime?
True
Let n = -64 - -138. Suppose -l - n = -2*l. Suppose 4*g - 582 = -l. Is g a prime number?
True
Let s = 5 - 3. Suppose 2*j - 5882 = -s*m, 11760 = 2*j + 2*j + 2*m. Suppose 0*l + 4*h - 5928 = -4*l, -3*h - j = -2*l. Is l a composite number?
True
Let y be -1 - (-3 + -23)*1. Let n = y - 25. Suppose -3*k + 0*k + 57 = n. Is k prime?
True
Let f = -74 - -79. Suppose -5*i + 2*i + 3947 = -f*w, w - 5278 = -4*i. Is i composite?
False
Let g = -862 + 302. Let d = -1129 - g. Let v = 686 - d. Is v a c